c + a = 3 - 13, 3*c = -5*a + 40. Suppose -c*d = 19 - 54. What is the highest common factor of d and i?
1
Suppose 132 = -70*j + 74*j + 3*z, -8 = -2*z. Let q(t) = t + 8. Let s be q(6). Let v be 4/s - (-523)/7. Calculate the greatest common divisor of j and v.
15
Let c(z) = -19*z + 4. Let v be c(0). What is the greatest common factor of v and 4?
4
Suppose 2*m - 3*x = 37, -5*m + x = -82 - 4. Suppose -2*v + 5 = -m. Let b = v + -3. Calculate the highest common divisor of 16 and b.
8
Suppose -5*v + 597 = 207. Calculate the greatest common divisor of v and 104.
26
Let h(t) = -2*t**2 + 16*t - 29. Let w be h(4). Calculate the highest common divisor of 75 and w.
3
Let p be (26/9)/(-5 + 235/45). Calculate the highest common factor of 793 and p.
13
Suppose 3*g + 0*g = 144. Suppose 48 = -21*l + 24*l. Calculate the greatest common divisor of l and g.
16
Let t be (5 + -2 + 9)/((-21)/(-28)). What is the highest common divisor of 72 and t?
8
Let c be ((-2)/2 - 88/11)*2. Let b be 3 - (c/(-12) - 194/4). Calculate the highest common factor of 10 and b.
10
Let c = 50 - 30. Let r(s) = 21*s + 250. Let d be r(-10). What is the greatest common divisor of d and c?
20
Let c = -584 - -608. Let b be -4*1/(-4)*9. Suppose -a + 10 = 4*f, -3*f + 0*f = a - b. Calculate the greatest common divisor of c and a.
6
Let u be 0/1 - (-2 - 5). Suppose -21*j - 624 = -29*j. Let r = j - 29. What is the greatest common divisor of u and r?
7
Let j = -345 - -399. Calculate the highest common factor of 4644 and j.
54
Let f(u) = u + 3*u**3 + 2*u + 26 - 4*u**3. Let r be f(0). What is the greatest common divisor of r and 208?
26
Let d = -130 + 229. What is the highest common divisor of d and 22?
11
Let t = -17 - -27. Let s = t - 6. Suppose s*n = 6*n - m - 35, -5*n + 4*m + 95 = 0. What is the highest common factor of 120 and n?
15
Let y be 2/(-4) - (-66)/4. Suppose -3*r - 31 = 2*b, -5*b - 4*r - 41 = 33. Let t = -10 - b. Calculate the highest common divisor of t and y.
4
Let x = 35 + -33. Suppose -4*w + 4 - 20 = 0, -x*w = 5*t - 542. Calculate the highest common divisor of 10 and t.
10
Let g = -514 + 532. Calculate the greatest common factor of 48 and g.
6
Let n(h) = -h**2 - 7*h - 4. Let y be n(-6). Suppose -680 = -y*v - 2*v. Calculate the greatest common divisor of v and 68.
34
Let o(m) = -2*m - 15. Suppose z + 2*f = -3*f + 12, -4*f + 9 = z. Let c be -8 + 6/z - 1. Let r be o(c). What is the highest common factor of 7 and r?
7
Let n(s) = -s + 2 - 5*s - 4 - s. Let h be n(-1). Suppose -7*j + 5 = -2*j. What is the greatest common factor of j and h?
1
Let v be 1904/(-6) - (-1)/3. Suppose -6*u + 2*u = -1796. Let t = u + v. What is the greatest common divisor of 12 and t?
12
Suppose -4*g + 0*q - 20 = 2*q, 5*g + 4*q + 22 = 0. Let h be (-3)/2*64/g. Suppose 4*z = 24 + 40. What is the highest common factor of h and z?
16
Let l(j) = -j**2 - 14*j - 36. Let b be l(-6). Let o be ((-48)/(-28))/((-2)/(-14)). What is the greatest common divisor of b and o?
12
Suppose 62 = 7*a - 1. Calculate the greatest common factor of a and 225.
9
Let i(k) = 3*k - 25. Let s be i(9). Calculate the highest common factor of 34 and s.
2
Let b(i) = 543*i**2 + i - 2. Let s be b(-1). What is the highest common factor of s and 40?
20
Let u(m) = 2*m**2 - 3*m - 560. Let r be u(21). Let b = 75 + -38. Calculate the highest common divisor of r and b.
37
Let z = -4 + 133. What is the highest common divisor of z and 43?
43
Let p be 1/(-2 + (-14)/(-8)). Let q be (p/6 + 2)*3. Let z = -233 + 243. What is the greatest common factor of q and z?
2
Let a(u) = 899*u + 3. Let r be a(3). What is the highest common factor of r and 75?
75
Let c be 4*(-2 + 27/(-12)). Let m be (c/(-3))/(8/48). Suppose 4*b - m = -3*v, -b + 2*b + 30 = 2*v. What is the highest common divisor of 126 and v?
14
Let y be (3/(-4))/(4/(-32)). Suppose p - y = 1. Let k be p + -3 - 1 - 1. What is the highest common divisor of k and 18?
2
Let m be 14/91 - 48/(-26). Let k(q) = 28*q. Let f be k(m). What is the greatest common divisor of f and 84?
28
Suppose -4*h = h - 380. Let n = h - 57. Calculate the greatest common divisor of n and 19.
19
Suppose -737 = -7*q - 135. Suppose 691 - q = 5*w. Suppose 0*b - 3*b + 4*r + 45 = 0, b = 3*r + 20. Calculate the highest common factor of b and w.
11
Let r be (-42)/9*(-3)/2. Suppose 28 = r*n - 6*n. What is the highest common factor of n and 56?
28
Suppose -150*z - 18 = -153*z. Calculate the greatest common divisor of z and 9.
3
Let s be (-114 + 0)/(4/((-32)/12)). Suppose 5*n + 3*r - 92 = 0, n + 4*n - s = r. Calculate the greatest common factor of 40 and n.
8
Let f be 8 + -2 + 2 + 0/1. What is the greatest common divisor of f and 34?
2
Let a(b) = 10*b - 4. Let q be a(4). Suppose -3*s = -9*s + 72. What is the greatest common factor of q and s?
12
Let y(t) = -4*t**3 - 2*t**2 - 4*t - 3. Let j be y(-2). Let x = -11 + j. Calculate the greatest common factor of 54 and x.
18
Suppose -45 = -371*i + 366*i. What is the highest common factor of i and 81?
9
Let j(a) = 6*a**2 - 34*a + 68. Let d be j(2). Calculate the greatest common divisor of d and 15.
3
Let d(j) be the third derivative of -j**4/8 - j**3 - 2*j**2. Let w be d(-4). Let p be 72/6*(-9)/(-6). Calculate the highest common divisor of w and p.
6
Let i(a) = a - 8. Let t be i(-14). Let l = 4 - t. What is the highest common divisor of l and 39?
13
Suppose 4*w = -74 + 314. What is the greatest common factor of w and 108?
12
Suppose -o + w = -94, -44*w = -41*w. Calculate the greatest common factor of o and 987.
47
Suppose -4*i + 199 = 5*p - 36, -2*i = 5*p - 245. What is the greatest common divisor of 663 and p?
51
Let m be ((-4)/6)/(18/(-783)). Let s = 71 - m. Calculate the highest common factor of s and 7.
7
Let n = -165 - -178. Let s be (-12)/(-8) + (-231)/(-2). What is the highest common divisor of s and n?
13
Let m = 12 + -11. Let j be (m/(-3))/((-14)/84). Calculate the greatest common divisor of j and 8.
2
Let u = -38 - -53. Suppose 221*g + 336 = 223*g - m, -5*g + 3*m = -843. What is the greatest common factor of u and g?
15
Let r(y) = -y + 16. Let u be r(11). Suppose -3*a + 19 = 2*n, 5*a - 3*n = -u*n + 25. Calculate the highest common factor of a and 9.
3
Let c(g) = -2*g - 2. Let v(u) = u. Let r(q) = -c(q) - 4*v(q). Let m be r(-1). Calculate the highest common factor of m and 2.
2
Let r be 1/((-6)/4) - 18096/(-144). What is the highest common divisor of 25 and r?
25
Let h(o) = o**2 - o - 1. Let g be h(-3). Let q = 17 - 15. Let b be (q/(-4))/(15/6 + -3). Calculate the greatest common factor of b and g.
1
Let r = 3989 - 1753. What is the greatest common divisor of r and 86?
86
Suppose -d - 5*n = -7, 4*d = d - 3*n + 9. Suppose 0 = -i - d*i + 6. Suppose 2*l + 2*o - 80 = -i*l, 4 = o. Calculate the highest common factor of l and 3.
3
Let t(x) = x**2 - 7. Let w be t(-7). Suppose -104 = 4*v - 188. Calculate the highest common factor of v and w.
21
Suppose -220 = -k - 3*k. What is the highest common divisor of k and 99?
11
Suppose 3*h = -d + 13, 2*h - 3*d - 11 = h. Suppose 2*w - 6 = -2. Calculate the greatest common factor of w and h.
1
Suppose -2*n - 5*f - 201 = 0, -3*n = -4*n + f - 90. Let c = -61 - n. Calculate the highest common divisor of 16 and c.
16
Suppose -4 = -4*i + 8*i. Let f be i + (0/(-2) - -127). Let z(g) = 52*g - 1438. Let w be z(28). What is the highest common factor of w and f?
18
Let l be 3 + (-75)/((-5)/1). Let p = l + -16. Suppose 482 = 4*f - 0*u - 2*u, u - 239 = -p*f. What is the greatest common factor of f and 30?
30
Let x(y) = y**3 + 4*y**2 - 10*y - 3. Let v = 5 + -10. Let j be x(v). Calculate the greatest common divisor of 2 and j.
2
Let t(w) = 87*w**2 - 2*w. Let s be t(-2). Suppose -2*f + 60 = -4*j - s, f - 203 = -j. Calculate the greatest common factor of 51 and f.
51
Suppose -5*w + 4*d = -73, 7*w - 10*w - 3*d = -60. Calculate the greatest common factor of 391 and w.
17
Let n(v) = v**3 + 7*v**2 + 6*v + 11. Let t be n(-6). Let s = t - -11. Calculate the greatest common factor of s and 11.
11
Let t be 734/4 - (-11 + (-168)/(-16)). Calculate the highest common factor of 46 and t.
46
Let l(d) = d**3 - 69*d**2 - 74*d + 285. Let h be l(70). Calculate the highest common factor of 40 and h.
5
Let f = 151 - 101. What is the highest common divisor of 40 and f?
10
Suppose 4*g + 16 - 86 = -2*v, 3